{"id":2248,"date":"2026-01-07T08:15:35","date_gmt":"2026-01-07T08:15:35","guid":{"rendered":"http:\/\/physio4balance.ch\/?page_id=2248"},"modified":"2026-01-07T08:43:53","modified_gmt":"2026-01-07T08:43:53","slug":"datenschutzerklaerung","status":"publish","type":"page","link":"https:\/\/physio4balance.ch\/?page_id=2248","title":{"rendered":"Datenschutzerkl\u00e4rung"},"content":{"rendered":"\n<h1 class=\"wp-block-heading\">Datenschutzerkl\u00e4rung<\/h1>\n\n\n\n<h2 class=\"wp-block-heading\">1. Einf\u00fchrung<\/h2>\n\n\n\n<p>Wir sch\u00e4tzen Ihre Privatsph\u00e4re. Mit dieser Datenschutzerkl\u00e4rung (DSE) verpflichten wir uns, Ihre Privatsph\u00e4re und die Vertraulichkeit Ihrer pers\u00f6nlichen Daten (&#8222;Pers\u00f6nliche Daten&#8220;) zu gew\u00e4hrleisten, wenn Sie unsere Webseite nutzen oder mit uns kommunizieren. Wenn Sie auf unsere Webseite zugreifen und\/oder mit uns kommunizieren, erkl\u00e4ren Sie sich mit dieser DSE einverstanden. Sollten Sie mit irgendeinem Teil dieser DSE nicht einverstanden sein, m\u00fcssen Sie uns dar\u00fcber informieren und die Nutzung unserer Webseite einstellen. Wir sind dann nicht in der Lage, Ihnen weitere rechtliche oder damit verbundene Dienstleistungen zu erbringen.<\/p>\n\n\n\n<h2 class=\"wp-block-heading\">2. Pers\u00f6nliche Daten, die wir bearbeiten<\/h2>\n\n\n\n<p>Wir bearbeiten die Pers\u00f6nlichen Daten, die Sie uns bei der Kommunikation mit uns zur Verf\u00fcgung stellen (z.B. Name, Mail- und Postadresse, Telefonnummer, Sprachpr\u00e4ferenz, Berufsbezeichnung, Gesch\u00e4ftsverbindungen und Inhalt der Kommunikation). Die Pers\u00f6nliche Daten k\u00f6nnen sich sowohl auf Sie als auch auf Ihre Mitarbeiter und Vertreter beziehen. In einigen F\u00e4llen werden die Pers\u00f6nlichen Daten durch Informationen aus \u00f6ffentlichen Quellen, wie Online-Medien oder Arbeitgeber-Webseiten, erg\u00e4nzt, um Ihre aktuelle berufliche Position zu best\u00e4tigen oder weitere Informationen zu erhalten, damit wir effektiv mit Ihnen kommunizieren k\u00f6nnen.<\/p>\n\n\n\n<h2 class=\"wp-block-heading\">3. Hosting-Provider und Server-Log-Files<\/h2>\n\n\n\n<p>Der Provider der Webseite erhebt und speichert automatisch Informationen in sog. Server-Log-Files, die Ihr Browser automatisch an uns \u00fcbermittelt. Dies sind:<\/p>\n\n\n\n<ul class=\"wp-block-list\">\n<li>IP-Adresse<\/li>\n\n\n\n<li>Browsertyp und Browserversion<\/li>\n\n\n\n<li>verwendetes Betriebssystem<\/li>\n\n\n\n<li>Referrer URL<\/li>\n\n\n\n<li>Hostname des zugreifenden Rechners<\/li>\n\n\n\n<li>Uhrzeit der Serveranfrage<\/li>\n<\/ul>\n\n\n\n<p>Diese Daten k\u00f6nnen nicht direkt bestimmten Personen zugeordnet werden. Eine Zusammenf\u00fchrung dieser Daten mit anderen Datenquellen wird nicht vorgenommen. Wir behalten uns vor, diese Daten nachtr\u00e4glich zu pr\u00fcfen, wenn uns konkrete Anhaltspunkte f\u00fcr eine rechtswidrige Nutzung bekannt werden. Diese Daten sowie alle Daten dieser Webseite werden bei unserem Hosting-Provider MetanetAG, Z\u00fcrich gespeichert, dessen Datenschutzerkl\u00e4rung Sie&nbsp;<a href=\"https:\/\/www.hostpoint.ch\/hostpoint\/kontakt-agb.html#datenschutz\" target=\"_blank\" rel=\"noreferrer noopener\">hier<\/a>&nbsp;finden.<\/p>\n\n\n\n<h2 class=\"wp-block-heading\">4. Zwecke der Bearbeitung Ihrer Pers\u00f6nlichen Daten<\/h2>\n\n\n\n<p>Wir verwenden Pers\u00f6nliche Daten, um unsere Beziehung zu Ihnen zu verwalten und um mit Ihnen zu kommunizieren, z.B. um Ihnen Newsletter und Einladungen zu Veranstaltungen, Schulungsprogrammen oder Vortr\u00e4gen zuzusenden, um unsere Kontaktliste zu pflegen und\/oder um Ihnen andere Informationen zukommen zu lassen, die Sie von uns anfordern. Pers\u00f6nliche Daten werden nur von uns und unseren Technologielieferanten verwendet (die verpflichtet sind, Ihre Pers\u00f6nlichen Daten in gleichem Mass wie wir zu sch\u00fctzen). Wir verkaufen Ihre Pers\u00f6nlichen Daten nicht an Dritte und geben sie auch nicht anderweitig an Dritte weiter, es sei denn, Sie haben vorher zugestimmt oder wir sind nach geltendem Recht dazu verpflichtet. Wir unterwerfen Sie nicht dem Profiling oder der automatisierten Entscheidungsfindung. Pers\u00f6nliche Daten, die sich auf die Kommunikation mit Ihnen beziehen, werden so lange gespeichert, wie Sie mit uns in gesch\u00e4ftlichem Kontakt stehen, vorbehaltlich geltender gesetzlicher oder beh\u00f6rdlicher Aufbewahrungspflichten.<\/p>\n\n\n\n<h2 class=\"wp-block-heading\">5. Unsere Grundlage f\u00fcr die Bearbeitung Ihrer Pers\u00f6nlichen Daten<\/h2>\n\n\n\n<p>Bei der Bearbeitung Pers\u00f6nlicher Daten zu den hier beschriebenen Zwecken st\u00fctzen wir uns auf Ihre Zustimmung zu dieser DSE, unsere berechtigten Interessen an der Kommunikation mit Ihnen als Gesch\u00e4ftskontakt \u00fcber unsere Gesch\u00e4ftst\u00e4tigkeit und unsere Veranstaltungen und\/oder unsere Vertragserf\u00fcllung oder einen anderen Grund f\u00fcr die rechtm\u00e4ssige Bearbeitung Ihrer Pers\u00f6nlichen Daten gem\u00e4ss den geltenden Gesetzen und Vorschriften.<\/p>\n\n\n\n<h2 class=\"wp-block-heading\">6. Schutz Ihrer Pers\u00f6nlichen Daten<\/h2>\n\n\n\n<p>Wir beschr\u00e4nken die Nutzung und den Zugriff auf Ihre Pers\u00f6nlichen Daten auf diejenigen, die sie unbedingt kennen m\u00fcssen, um Ihnen den Zugang zu unserer Webseite zu erm\u00f6glichen und\/oder mit Ihnen zu kommunizieren. Wir ergreifen geeignete technische und organisatorische Massnahmen, um die Vertraulichkeit und Integrit\u00e4t Ihrer Pers\u00f6nlichen Daten zu wahren. Wir \u00fcberpr\u00fcfen regelm\u00e4ssig unsere Sicherheitsrichtlinien und -verfahren, um sicherzustellen, dass unsere Systeme sicher und gesch\u00fctzt sind, und wir gew\u00e4hrleisten die Einhaltung aller geltenden Datenschutz- und Sicherheitsgesetze.<\/p>\n\n\n\n<h2 class=\"wp-block-heading\">7. Ihre Wahlm\u00f6glichkeiten und Rechte<\/h2>\n\n\n\n<p>Wir freuen uns \u00fcber Ihre Anfragen und Kommentare. Sie haben das Recht, von uns \u00fcber jede Bearbeitung Ihrer Pers\u00f6nlichen Daten informiert zu werden, um die Rechtm\u00e4ssigkeit der Bearbeitung zu \u00fcberpr\u00fcfen. Wenn Sie von unrichtigen oder unvollst\u00e4ndigen Pers\u00f6nlichen Daten betroffen sind, k\u00f6nnen Sie die Berichtigung oder Vervollst\u00e4ndigung der entsprechenden Daten verlangen. Soweit dies nach geltendem Recht zul\u00e4ssig ist, k\u00f6nnen Sie in bestimmten F\u00e4llen die L\u00f6schung Ihrer Pers\u00f6nlichen Daten oder eine vor\u00fcbergehende Einschr\u00e4nkung der Bearbeitung verlangen, und Sie k\u00f6nnen auch der Bearbeitung Ihrer Pers\u00f6nlichen Daten widersprechen, in welchem Fall wir jedoch m\u00f6glicherweise nicht in der Lage sind, entsprechende Dienstleistungen zu erbringen.<\/p>\n\n\n\n<h2 class=\"wp-block-heading\">8. Kontakt<\/h2>\n\n\n\n<p>Wenn Sie Fragen haben oder mit einem Aspekt der Bearbeitung Ihrer Pers\u00f6nlichen Daten durch uns unzufrieden sind, k\u00f6nnen Sie sich an Ihren Kontakt bzw. Ihre Physiotherapeutin bei Physio Balance, Loonstrasse 4, 5443 Niederrohrdorf, +41 56 496 21 74, <a href=\"mailto:info@physio4balance.ch\">info@physio4balance.ch<\/a>, wenden.<\/p>\n\n\n\n<p><\/p>\n","protected":false},"excerpt":{"rendered":"<p>Datenschutzerkl\u00e4rung 1. Einf\u00fchrung Wir sch\u00e4tzen Ihre Privatsph\u00e4re. Mit dieser Datenschutzerkl\u00e4rung (DSE) verpflichten wir uns, Ihre Privatsph\u00e4re und die Vertraulichkeit Ihrer pers\u00f6nlichen Daten (&#8222;Pers\u00f6nliche Daten&#8220;) zu gew\u00e4hrleisten, wenn Sie unsere Webseite nutzen oder mit uns kommunizieren. Wenn Sie auf unsere Webseite zugreifen und\/oder mit uns kommunizieren, erkl\u00e4ren Sie sich mit dieser DSE einverstanden. Sollten Sie mit [&hellip;]<\/p>\n","protected":false},"author":1,"featured_media":0,"parent":0,"menu_order":0,"comment_status":"closed","ping_status":"closed","template":"","meta":{"_themeisle_gutenberg_block_has_review":false,"footnotes":""},"class_list":["post-2248","page","type-page","status-publish","hentry"],"_links":{"self":[{"href":"https:\/\/physio4balance.ch\/index.php?rest_route=\/wp\/v2\/pages\/2248","targetHints":{"allow":["GET"]}}],"collection":[{"href":"https:\/\/physio4balance.ch\/index.php?rest_route=\/wp\/v2\/pages"}],"about":[{"href":"https:\/\/physio4balance.ch\/index.php?rest_route=\/wp\/v2\/types\/page"}],"author":[{"embeddable":true,"href":"https:\/\/physio4balance.ch\/index.php?rest_route=\/wp\/v2\/users\/1"}],"replies":[{"embeddable":true,"href":"https:\/\/physio4balance.ch\/index.php?rest_route=%2Fwp%2Fv2%2Fcomments&post=2248"}],"version-history":[{"count":3,"href":"https:\/\/physio4balance.ch\/index.php?rest_route=\/wp\/v2\/pages\/2248\/revisions"}],"predecessor-version":[{"id":2602,"href":"https:\/\/physio4balance.ch\/index.php?rest_route=\/wp\/v2\/pages\/2248\/revisions\/2602"}],"wp:attachment":[{"href":"https:\/\/physio4balance.ch\/index.php?rest_route=%2Fwp%2Fv2%2Fmedia&parent=2248"}],"curies":[{"name":"wp","href":"https:\/\/api.w.org\/{rel}","templated":true}]}}